{"id":9510,"date":"2024-06-07T18:43:42","date_gmt":"2024-06-07T16:43:42","guid":{"rendered":"https:\/\/infuse-films.com\/?page_id=9510"},"modified":"2024-06-07T18:43:43","modified_gmt":"2024-06-07T16:43:43","slug":"film-publicitaire-ia","status":"publish","type":"page","link":"https:\/\/infuse-films.com\/index.php\/film-publicitaire-ia\/","title":{"rendered":"L\u2019IA au service de la production vid\u00e9o et des strat\u00e9gies marketing"},"content":{"rendered":"\n<figure class=\"wp-block-gallery has-nested-images columns-default is-cropped wp-block-gallery-1 is-layout-flex wp-block-gallery-is-layout-flex\">\n<figure class=\"wp-block-image size-large\"><img fetchpriority=\"high\" decoding=\"async\" width=\"1024\" height=\"574\" data-id=\"9513\" src=\"https:\/\/infuse-films.com\/wp-content\/uploads\/2024\/06\/ia-visuel-cover-1024x574.png\" alt=\"Infuse Films Visuel I.A \" class=\"wp-image-9513\" srcset=\"https:\/\/infuse-films.com\/wp-content\/uploads\/2024\/06\/ia-visuel-cover-1024x574.png 1024w, https:\/\/infuse-films.com\/wp-content\/uploads\/2024\/06\/ia-visuel-cover-300x168.png 300w, https:\/\/infuse-films.com\/wp-content\/uploads\/2024\/06\/ia-visuel-cover-768x430.png 768w, https:\/\/infuse-films.com\/wp-content\/uploads\/2024\/06\/ia-visuel-cover-1000x560.png 1000w, https:\/\/infuse-films.com\/wp-content\/uploads\/2024\/06\/ia-visuel-cover-999x560.png 999w, https:\/\/infuse-films.com\/wp-content\/uploads\/2024\/06\/ia-visuel-cover-600x336.png 600w, https:\/\/infuse-films.com\/wp-content\/uploads\/2024\/06\/ia-visuel-cover.png 1456w\" sizes=\"(max-width: 1024px) 100vw, 1024px\" \/><\/figure>\n<\/figure>\n\n\n\n<p>L&rsquo;intelligence artificielle (IA) a transform\u00e9 de nombreux secteurs, de la sant\u00e9 \u00e0 la finance en passant par la production et les services. Pourtant, son r\u00f4le et son impact font encore d\u00e9bat. Comprendre que l&rsquo;IA n&rsquo;est ni notre ennemie ni une solution magique est crucial pour tirer le meilleur parti de cette technologie.&nbsp;<\/p>\n\n\n\n<p>Compl\u00e9mentarit\u00e9 homme-machine : Renforcement des capacit\u00e9s humaines, prise de d\u00e9cision am\u00e9lior\u00e9e, \u00e9limination des t\u00e2ches r\u00e9p\u00e9titives en automatisant les process et lib\u00e9rant ainsi du temps-homme.<\/p>\n\n\n\n<div class=\"wp-block-columns is-layout-flex wp-container-core-columns-layout-1 wp-block-columns-is-layout-flex\">\n<div class=\"wp-block-column is-layout-flow wp-block-column-is-layout-flow\">\n<h2 class=\"wp-block-heading\" style=\"font-size:20px\">Pr\u00e9-production de la vid\u00e9o marketing \/ publicitaire<\/h2>\n\n\n\n<ul>\n<li>Qualifier efficacement un brief avec une IA pour synth\u00e9tiser la r\u00e9union de pr\u00e9-production, comme l\u2019aurait fait une personne qui saisit les minutes de la r\u00e9union, la met en forme et les diffuse (Sanalabs)<\/li>\n\n\n\n<li>Cr\u00e9er des images-concept pour orienter la direction artistique (Midjourney)<\/li>\n\n\n\n<li>Cr\u00e9ation d\u2019un story-board simplifi\u00e9 pour d\u00e9couper le film (AI storyboard generator : Boords)<\/li>\n<\/ul>\n<\/div>\n\n\n\n<div class=\"wp-block-column is-layout-flow wp-block-column-is-layout-flow\">\n<h2 class=\"wp-block-heading\" style=\"font-size:20px\">Optimiser les co\u00fbt d\u2019une la production vid\u00e9o&nbsp;<\/h2>\n\n\n\n<ul>\n<li>Optimiser vos retakes de prise de vue avec AI Generator<\/li>\n\n\n\n<li>Id\u00e9al pour les interviews sur des produits, g\u00e9rer les prises de paroles \u00e0 distance<\/li>\n<\/ul>\n<\/div>\n\n\n\n<div class=\"wp-block-column is-layout-flow wp-block-column-is-layout-flow\">\n<h2 class=\"wp-block-heading\" style=\"font-size:20px\">Post-production de votre vid\u00e9o : bien utiliser l\u2019IA pour une qualit\u00e9 accrue<\/h2>\n\n\n\n<ul>\n<li>Optimiser votre montage avec l\u2019audio-transcription<\/li>\n\n\n\n<li>Nettoyer votre son avec le noise-reduction (davinci resolve)<\/li>\n\n\n\n<li>Cr\u00e9er des effets parallax&nbsp; en motion design avec Immersity<\/li>\n\n\n\n<li>Cr\u00e9er une musique personnalis\u00e9e et libre de droits (Soundraw)<\/li>\n\n\n\n<li>R\u00e9aliser de la motion capture avec une simple cam\u00e9ra gr\u00e2ce \u00e0 Wonderstudio<\/li>\n<\/ul>\n<\/div>\n<\/div>\n\n\n\n<h2 class=\"wp-block-heading\" style=\"font-size:23px\">Les limites de l\u2019IA pour la production de vid\u00e9o au service de votre marque<\/h2>\n\n\n\n<figure class=\"wp-block-gallery has-nested-images columns-default is-cropped wp-block-gallery-2 is-layout-flex wp-block-gallery-is-layout-flex\">\n<figure class=\"wp-block-image size-large\"><img decoding=\"async\" width=\"1024\" height=\"574\" data-id=\"9512\" src=\"https:\/\/infuse-films.com\/wp-content\/uploads\/2024\/06\/ia-professeur-1024x574.png\" alt=\"Infuse Films Visuel professeur I.A\" class=\"wp-image-9512\" srcset=\"https:\/\/infuse-films.com\/wp-content\/uploads\/2024\/06\/ia-professeur-1024x574.png 1024w, https:\/\/infuse-films.com\/wp-content\/uploads\/2024\/06\/ia-professeur-300x168.png 300w, https:\/\/infuse-films.com\/wp-content\/uploads\/2024\/06\/ia-professeur-768x430.png 768w, https:\/\/infuse-films.com\/wp-content\/uploads\/2024\/06\/ia-professeur-1000x560.png 1000w, https:\/\/infuse-films.com\/wp-content\/uploads\/2024\/06\/ia-professeur-999x560.png 999w, https:\/\/infuse-films.com\/wp-content\/uploads\/2024\/06\/ia-professeur-600x336.png 600w, https:\/\/infuse-films.com\/wp-content\/uploads\/2024\/06\/ia-professeur.png 1456w\" sizes=\"(max-width: 1024px) 100vw, 1024px\" \/><\/figure>\n<\/figure>\n\n\n\n<p>Les syst\u00e8mes d&rsquo;IA, bien qu&rsquo;autonomes, n\u00e9cessitent une supervision humaine. Les d\u00e9cisions automatis\u00e9es doivent \u00eatre r\u00e9guli\u00e8rement revues et valid\u00e9es par des experts pour s&rsquo;assurer de leur exactitude et de leur \u00e9thique. L&rsquo;IA peut avoir du mal \u00e0 g\u00e9rer des situations tr\u00e8s complexes ou in\u00e9dites pour lesquelles elle n&rsquo;a pas \u00e9t\u00e9 entra\u00een\u00e9e. Toutefois, il est essentiel de comprendre ses limites et de l&rsquo;int\u00e9grer de mani\u00e8re r\u00e9fl\u00e9chie et supervis\u00e9e. L&rsquo;IA n&rsquo;est ni un ennemi \u00e0 craindre ni une solution magique \u00e0 tous les probl\u00e8mes, mais un alli\u00e9 pr\u00e9cieux dans l&rsquo;am\u00e9lioration de l&rsquo;efficacit\u00e9 et de l&rsquo;innovation.<\/p>\n\n\n\n<p>D\u00e9couvrez toutes nos <a href=\"https:\/\/infuse-films.com\/index.php\/portfolio\/stopmotion\/\">r\u00e9alisations de films publicitaires en <\/a><a href=\"https:\/\/infuse-films.com\/index.php\/portfolio-infuse-films\/\">stop motion<\/a>, r\u00e9alis\u00e9es dans notre <a href=\"https:\/\/infuse-films.com\/index.php\/notre-studio\/\">studio de Lyon. <\/a> <\/p>\n\n\n\n<p>Envie d&rsquo;en savoir plus ? N&rsquo;h\u00e9sitez pas \u00e0 nous <a href=\"https:\/\/infuse-films.com\/index.php\/nous-contacter\/\">contacter<\/a> ! <\/p>\n","protected":false},"excerpt":{"rendered":"<p>L&rsquo;intelligence artificielle (IA) a transform\u00e9 de nombreux secteurs, de la sant\u00e9 \u00e0 la finance en passant par la production et les services. Pourtant, son r\u00f4le et son impact font encore d\u00e9bat. Comprendre que l&rsquo;IA n&rsquo;est ni notre ennemie ni une solution magique est crucial pour tirer le meilleur parti de [&hellip;]<\/p>\n","protected":false},"author":1,"featured_media":0,"parent":0,"menu_order":0,"comment_status":"closed","ping_status":"closed","template":"","meta":{"footnotes":""},"yoast_head":"<!-- This site is optimized with the Yoast SEO plugin v23.5 - https:\/\/yoast.com\/wordpress\/plugins\/seo\/ -->\n<title>L\u2019IA au service de la production vid\u00e9o et des strat\u00e9gies marketing - Infuse films<\/title>\n<meta name=\"description\" content=\"Films r\u00e9alis\u00e9s gr\u00e2ce \u00e0 l&#039;Intelligence Artificielle, par le studio de production situ\u00e9 \u00e0 Lyon, Infuse Films.\" \/>\n<meta name=\"robots\" content=\"index, follow, max-snippet:-1, max-image-preview:large, max-video-preview:-1\" \/>\n<link rel=\"canonical\" href=\"https:\/\/infuse-films.com\/index.php\/film-publicitaire-ia\/\" \/>\n<meta property=\"og:locale\" content=\"fr_FR\" \/>\n<meta property=\"og:type\" content=\"article\" \/>\n<meta property=\"og:title\" content=\"L\u2019IA au service de la production vid\u00e9o et des strat\u00e9gies marketing - Infuse films\" \/>\n<meta property=\"og:description\" content=\"Films r\u00e9alis\u00e9s gr\u00e2ce \u00e0 l&#039;Intelligence Artificielle, par le studio de production situ\u00e9 \u00e0 Lyon, Infuse Films.\" \/>\n<meta property=\"og:url\" content=\"https:\/\/infuse-films.com\/index.php\/film-publicitaire-ia\/\" \/>\n<meta property=\"og:site_name\" content=\"Infuse films\" \/>\n<meta property=\"article:modified_time\" content=\"2024-06-07T16:43:43+00:00\" \/>\n<meta property=\"og:image\" content=\"https:\/\/infuse-films.com\/wp-content\/uploads\/2024\/06\/ia-visuel-cover-1024x574.png\" \/>\n<meta name=\"twitter:card\" content=\"summary_large_image\" \/>\n<meta name=\"twitter:label1\" content=\"Dur\u00e9e de lecture estim\u00e9e\" \/>\n\t<meta name=\"twitter:data1\" content=\"3 minutes\" \/>\n<script type=\"application\/ld+json\" class=\"yoast-schema-graph\">{\"@context\":\"https:\/\/schema.org\",\"@graph\":[{\"@type\":\"WebPage\",\"@id\":\"https:\/\/infuse-films.com\/index.php\/film-publicitaire-ia\/\",\"url\":\"https:\/\/infuse-films.com\/index.php\/film-publicitaire-ia\/\",\"name\":\"L\u2019IA au service de la production vid\u00e9o et des strat\u00e9gies marketing - Infuse films\",\"isPartOf\":{\"@id\":\"https:\/\/infuse-films.com\/#website\"},\"primaryImageOfPage\":{\"@id\":\"https:\/\/infuse-films.com\/index.php\/film-publicitaire-ia\/#primaryimage\"},\"image\":{\"@id\":\"https:\/\/infuse-films.com\/index.php\/film-publicitaire-ia\/#primaryimage\"},\"thumbnailUrl\":\"https:\/\/infuse-films.com\/wp-content\/uploads\/2024\/06\/ia-visuel-cover-1024x574.png\",\"datePublished\":\"2024-06-07T16:43:42+00:00\",\"dateModified\":\"2024-06-07T16:43:43+00:00\",\"description\":\"Films r\u00e9alis\u00e9s gr\u00e2ce \u00e0 l'Intelligence Artificielle, par le studio de production situ\u00e9 \u00e0 Lyon, Infuse Films.\",\"breadcrumb\":{\"@id\":\"https:\/\/infuse-films.com\/index.php\/film-publicitaire-ia\/#breadcrumb\"},\"inLanguage\":\"fr-FR\",\"potentialAction\":[{\"@type\":\"ReadAction\",\"target\":[\"https:\/\/infuse-films.com\/index.php\/film-publicitaire-ia\/\"]}]},{\"@type\":\"ImageObject\",\"inLanguage\":\"fr-FR\",\"@id\":\"https:\/\/infuse-films.com\/index.php\/film-publicitaire-ia\/#primaryimage\",\"url\":\"https:\/\/infuse-films.com\/wp-content\/uploads\/2024\/06\/ia-visuel-cover.png\",\"contentUrl\":\"https:\/\/infuse-films.com\/wp-content\/uploads\/2024\/06\/ia-visuel-cover.png\",\"width\":1456,\"height\":816,\"caption\":\"Infuse Films Visuel I.A\"},{\"@type\":\"BreadcrumbList\",\"@id\":\"https:\/\/infuse-films.com\/index.php\/film-publicitaire-ia\/#breadcrumb\",\"itemListElement\":[{\"@type\":\"ListItem\",\"position\":1,\"name\":\"Accueil\",\"item\":\"https:\/\/infuse-films.com\/\"},{\"@type\":\"ListItem\",\"position\":2,\"name\":\"L\u2019IA au service de la production vid\u00e9o et des strat\u00e9gies marketing\"}]},{\"@type\":\"WebSite\",\"@id\":\"https:\/\/infuse-films.com\/#website\",\"url\":\"https:\/\/infuse-films.com\/\",\"name\":\"Infuse films\",\"description\":\"Infuse, r\u00e9v\u00e9lateur de sens\",\"publisher\":{\"@id\":\"https:\/\/infuse-films.com\/#organization\"},\"potentialAction\":[{\"@type\":\"SearchAction\",\"target\":{\"@type\":\"EntryPoint\",\"urlTemplate\":\"https:\/\/infuse-films.com\/?s={search_term_string}\"},\"query-input\":{\"@type\":\"PropertyValueSpecification\",\"valueRequired\":true,\"valueName\":\"search_term_string\"}}],\"inLanguage\":\"fr-FR\"},{\"@type\":\"Organization\",\"@id\":\"https:\/\/infuse-films.com\/#organization\",\"name\":\"Infuse films\",\"url\":\"https:\/\/infuse-films.com\/\",\"logo\":{\"@type\":\"ImageObject\",\"inLanguage\":\"fr-FR\",\"@id\":\"https:\/\/infuse-films.com\/#\/schema\/logo\/image\/\",\"url\":\"https:\/\/infuse-films.com\/wp-content\/uploads\/2023\/10\/INFUSE-blanc.png\",\"contentUrl\":\"https:\/\/infuse-films.com\/wp-content\/uploads\/2023\/10\/INFUSE-blanc.png\",\"width\":1200,\"height\":236,\"caption\":\"Infuse films\"},\"image\":{\"@id\":\"https:\/\/infuse-films.com\/#\/schema\/logo\/image\/\"},\"sameAs\":[\"http:\/\/www.instagram.com\/infusefilms\/\",\"http:\/\/www.linkedin.com\/infuse-films\/\"]}]}<\/script>\n<!-- \/ Yoast SEO plugin. -->","yoast_head_json":{"title":"L\u2019IA au service de la production vid\u00e9o et des strat\u00e9gies marketing - Infuse films","description":"Films r\u00e9alis\u00e9s gr\u00e2ce \u00e0 l'Intelligence Artificielle, par le studio de production situ\u00e9 \u00e0 Lyon, Infuse Films.","robots":{"index":"index","follow":"follow","max-snippet":"max-snippet:-1","max-image-preview":"max-image-preview:large","max-video-preview":"max-video-preview:-1"},"canonical":"https:\/\/infuse-films.com\/index.php\/film-publicitaire-ia\/","og_locale":"fr_FR","og_type":"article","og_title":"L\u2019IA au service de la production vid\u00e9o et des strat\u00e9gies marketing - Infuse films","og_description":"Films r\u00e9alis\u00e9s gr\u00e2ce \u00e0 l'Intelligence Artificielle, par le studio de production situ\u00e9 \u00e0 Lyon, Infuse Films.","og_url":"https:\/\/infuse-films.com\/index.php\/film-publicitaire-ia\/","og_site_name":"Infuse films","article_modified_time":"2024-06-07T16:43:43+00:00","og_image":[{"url":"https:\/\/infuse-films.com\/wp-content\/uploads\/2024\/06\/ia-visuel-cover-1024x574.png"}],"twitter_card":"summary_large_image","twitter_misc":{"Dur\u00e9e de lecture estim\u00e9e":"3 minutes"},"schema":{"@context":"https:\/\/schema.org","@graph":[{"@type":"WebPage","@id":"https:\/\/infuse-films.com\/index.php\/film-publicitaire-ia\/","url":"https:\/\/infuse-films.com\/index.php\/film-publicitaire-ia\/","name":"L\u2019IA au service de la production vid\u00e9o et des strat\u00e9gies marketing - Infuse films","isPartOf":{"@id":"https:\/\/infuse-films.com\/#website"},"primaryImageOfPage":{"@id":"https:\/\/infuse-films.com\/index.php\/film-publicitaire-ia\/#primaryimage"},"image":{"@id":"https:\/\/infuse-films.com\/index.php\/film-publicitaire-ia\/#primaryimage"},"thumbnailUrl":"https:\/\/infuse-films.com\/wp-content\/uploads\/2024\/06\/ia-visuel-cover-1024x574.png","datePublished":"2024-06-07T16:43:42+00:00","dateModified":"2024-06-07T16:43:43+00:00","description":"Films r\u00e9alis\u00e9s gr\u00e2ce \u00e0 l'Intelligence Artificielle, par le studio de production situ\u00e9 \u00e0 Lyon, Infuse Films.","breadcrumb":{"@id":"https:\/\/infuse-films.com\/index.php\/film-publicitaire-ia\/#breadcrumb"},"inLanguage":"fr-FR","potentialAction":[{"@type":"ReadAction","target":["https:\/\/infuse-films.com\/index.php\/film-publicitaire-ia\/"]}]},{"@type":"ImageObject","inLanguage":"fr-FR","@id":"https:\/\/infuse-films.com\/index.php\/film-publicitaire-ia\/#primaryimage","url":"https:\/\/infuse-films.com\/wp-content\/uploads\/2024\/06\/ia-visuel-cover.png","contentUrl":"https:\/\/infuse-films.com\/wp-content\/uploads\/2024\/06\/ia-visuel-cover.png","width":1456,"height":816,"caption":"Infuse Films Visuel I.A"},{"@type":"BreadcrumbList","@id":"https:\/\/infuse-films.com\/index.php\/film-publicitaire-ia\/#breadcrumb","itemListElement":[{"@type":"ListItem","position":1,"name":"Accueil","item":"https:\/\/infuse-films.com\/"},{"@type":"ListItem","position":2,"name":"L\u2019IA au service de la production vid\u00e9o et des strat\u00e9gies marketing"}]},{"@type":"WebSite","@id":"https:\/\/infuse-films.com\/#website","url":"https:\/\/infuse-films.com\/","name":"Infuse films","description":"Infuse, r\u00e9v\u00e9lateur de sens","publisher":{"@id":"https:\/\/infuse-films.com\/#organization"},"potentialAction":[{"@type":"SearchAction","target":{"@type":"EntryPoint","urlTemplate":"https:\/\/infuse-films.com\/?s={search_term_string}"},"query-input":{"@type":"PropertyValueSpecification","valueRequired":true,"valueName":"search_term_string"}}],"inLanguage":"fr-FR"},{"@type":"Organization","@id":"https:\/\/infuse-films.com\/#organization","name":"Infuse films","url":"https:\/\/infuse-films.com\/","logo":{"@type":"ImageObject","inLanguage":"fr-FR","@id":"https:\/\/infuse-films.com\/#\/schema\/logo\/image\/","url":"https:\/\/infuse-films.com\/wp-content\/uploads\/2023\/10\/INFUSE-blanc.png","contentUrl":"https:\/\/infuse-films.com\/wp-content\/uploads\/2023\/10\/INFUSE-blanc.png","width":1200,"height":236,"caption":"Infuse films"},"image":{"@id":"https:\/\/infuse-films.com\/#\/schema\/logo\/image\/"},"sameAs":["http:\/\/www.instagram.com\/infusefilms\/","http:\/\/www.linkedin.com\/infuse-films\/"]}]}},"_links":{"self":[{"href":"https:\/\/infuse-films.com\/index.php\/wp-json\/wp\/v2\/pages\/9510"}],"collection":[{"href":"https:\/\/infuse-films.com\/index.php\/wp-json\/wp\/v2\/pages"}],"about":[{"href":"https:\/\/infuse-films.com\/index.php\/wp-json\/wp\/v2\/types\/page"}],"author":[{"embeddable":true,"href":"https:\/\/infuse-films.com\/index.php\/wp-json\/wp\/v2\/users\/1"}],"replies":[{"embeddable":true,"href":"https:\/\/infuse-films.com\/index.php\/wp-json\/wp\/v2\/comments?post=9510"}],"version-history":[{"count":1,"href":"https:\/\/infuse-films.com\/index.php\/wp-json\/wp\/v2\/pages\/9510\/revisions"}],"predecessor-version":[{"id":9514,"href":"https:\/\/infuse-films.com\/index.php\/wp-json\/wp\/v2\/pages\/9510\/revisions\/9514"}],"wp:attachment":[{"href":"https:\/\/infuse-films.com\/index.php\/wp-json\/wp\/v2\/media?parent=9510"}],"curies":[{"name":"wp","href":"https:\/\/api.w.org\/{rel}","templated":true}]}}